{"id":1232,"date":"2018-05-20T22:03:29","date_gmt":"2018-05-20T20:03:29","guid":{"rendered":"http:\/\/xn--vrstetter-miteinander-hec.de\/?page_id=1232"},"modified":"2018-05-20T22:12:06","modified_gmt":"2018-05-20T20:12:06","slug":"2014-2","status":"publish","type":"page","link":"https:\/\/xn--vrstetter-miteinander-hec.de\/?page_id=1232","title":{"rendered":"2014"},"content":{"rendered":"<p>Der sehr gut besuchten\u00a0 <a href=\"http:\/\/badische-zeitung.de\/...\/laenger-im-dorf-leben-traum-oder-wirklichkeit\" target=\"_blank\" rel=\"noopener\"><strong>B\u00fcrgerversammlung\u00a0 am 15. Oktober 2014<\/strong><\/a> mit dem Thema &#8222;L\u00e4nger im eigenen Dorf leben &#8211; Taum oder Wirklichkeit?&#8220; folgte bereits am<\/p>\n<h3><strong>10. November 2014<br \/>\n<\/strong>die<strong><br \/>\n<a href=\"http:\/\/badische-zeitung.de\/...\/voerstetter-miteinander-hilft-kuenftig-als-verein\" target=\"_blank\" rel=\"noopener\">Gr\u00fcndungsversammlung des <\/a><a href=\"http:\/\/badische-zeitung.de\/...\/voerstetter-miteinander-hilft-kuenftig-als-verein\" target=\"_blank\" rel=\"noopener\">V\u00f6rstetter Miteinander e.V.<\/a><br \/>\n<\/strong><\/h3>\n<p>Mehr als 80 Gr\u00fcndungsmitglieder hatten sich im Foyer der Heinz-Ritter-Halle versammelt, um die f\u00fcr die Arbeit notwendige Satzung zu diskutieren und zu verabschieden, die Vorstandschaft zu w\u00e4hlen und die H\u00f6he des Mitgliedsbeitrags festzulegen.<\/p>\n<p><a href=\"http:\/\/xn--vrstetter-miteinander-hec.de\/?attachment_id=589\" rel=\"attachment wp-att-589\"><img loading=\"lazy\" decoding=\"async\" class=\"wp-image-589 size-large\" src=\"http:\/\/xn--vrstetter-miteinander-hec.de\/wp-content\/uploads\/2016\/04\/V\u00f6rstetter-Miteinander-Vereinsgr\u00fcndung-1024x681.jpg\" alt=\"V\u00f6rstetter Miteinander Vereinsgr\u00fcndung\" width=\"640\" height=\"426\" srcset=\"https:\/\/xn--vrstetter-miteinander-hec.de\/wp-content\/uploads\/2016\/04\/V\u00f6rstetter-Miteinander-Vereinsgr\u00fcndung-1024x681.jpg 1024w, https:\/\/xn--vrstetter-miteinander-hec.de\/wp-content\/uploads\/2016\/04\/V\u00f6rstetter-Miteinander-Vereinsgr\u00fcndung-300x200.jpg 300w, https:\/\/xn--vrstetter-miteinander-hec.de\/wp-content\/uploads\/2016\/04\/V\u00f6rstetter-Miteinander-Vereinsgr\u00fcndung-768x511.jpg 768w, https:\/\/xn--vrstetter-miteinander-hec.de\/wp-content\/uploads\/2016\/04\/V\u00f6rstetter-Miteinander-Vereinsgr\u00fcndung.jpg 1600w\" sizes=\"auto, (max-width: 640px) 100vw, 640px\" \/><\/a><\/p>\n","protected":false},"excerpt":{"rendered":"<p>Der sehr gut besuchten\u00a0 B\u00fcrgerversammlung\u00a0 am 15. Oktober 2014 mit dem Thema &#8222;L\u00e4nger im eigenen Dorf leben &#8211; Taum oder Wirklichkeit?&#8220; folgte bereits am 10. November 2014 die Gr\u00fcndungsversammlung des V\u00f6rstetter Miteinander e.V. Mehr als 80 Gr\u00fcndungsmitglieder hatten sich im &hellip; <a href=\"https:\/\/xn--vrstetter-miteinander-hec.de\/?page_id=1232\">Weiterlesen <span class=\"meta-nav\">&rarr;<\/span><\/a><\/p>\n","protected":false},"author":4,"featured_media":0,"parent":234,"menu_order":0,"comment_status":"closed","ping_status":"closed","template":"","meta":{"footnotes":""},"class_list":["post-1232","page","type-page","status-publish","hentry"],"_links":{"self":[{"href":"https:\/\/xn--vrstetter-miteinander-hec.de\/index.php?rest_route=\/wp\/v2\/pages\/1232","targetHints":{"allow":["GET"]}}],"collection":[{"href":"https:\/\/xn--vrstetter-miteinander-hec.de\/index.php?rest_route=\/wp\/v2\/pages"}],"about":[{"href":"https:\/\/xn--vrstetter-miteinander-hec.de\/index.php?rest_route=\/wp\/v2\/types\/page"}],"author":[{"embeddable":true,"href":"https:\/\/xn--vrstetter-miteinander-hec.de\/index.php?rest_route=\/wp\/v2\/users\/4"}],"replies":[{"embeddable":true,"href":"https:\/\/xn--vrstetter-miteinander-hec.de\/index.php?rest_route=%2Fwp%2Fv2%2Fcomments&post=1232"}],"version-history":[{"count":2,"href":"https:\/\/xn--vrstetter-miteinander-hec.de\/index.php?rest_route=\/wp\/v2\/pages\/1232\/revisions"}],"predecessor-version":[{"id":1238,"href":"https:\/\/xn--vrstetter-miteinander-hec.de\/index.php?rest_route=\/wp\/v2\/pages\/1232\/revisions\/1238"}],"up":[{"embeddable":true,"href":"https:\/\/xn--vrstetter-miteinander-hec.de\/index.php?rest_route=\/wp\/v2\/pages\/234"}],"wp:attachment":[{"href":"https:\/\/xn--vrstetter-miteinander-hec.de\/index.php?rest_route=%2Fwp%2Fv2%2Fmedia&parent=1232"}],"curies":[{"name":"wp","href":"https:\/\/api.w.org\/{rel}","templated":true}]}}