{"id":1417,"date":"2019-06-07T15:56:24","date_gmt":"2019-06-07T13:56:24","guid":{"rendered":"http:\/\/www.xn--vrstetter-miteinander-hec.de\/?page_id=1417"},"modified":"2019-06-07T16:06:37","modified_gmt":"2019-06-07T14:06:37","slug":"2018-2","status":"publish","type":"page","link":"https:\/\/xn--vrstetter-miteinander-hec.de\/?page_id=1417","title":{"rendered":"2018"},"content":{"rendered":"<h2><strong>Mittwoch, 24. Oktober 2018<br \/>\nim B\u00fcrgersaal in Endingen:<\/strong><\/h2>\n<p>Unser Verein V\u00f6rstetter Miteinander e.V. wurde mir dem <em><strong>Zeitstifter-Preis<\/strong><\/em> des<br \/>\nSozialen Hilfsfonds des Landkreises Emmendingen ausgezeichnet.<br \/>\nDamit hat unser noch junger Verein Geschichte geschrieben, auf die wir stolz sein k\u00f6nnen.<\/p>\n<p><a href=\"http:\/\/www.xn--vrstetter-miteinander-hec.de\/?attachment_id=1295\" rel=\"attachment wp-att-1295\"><img loading=\"lazy\" decoding=\"async\" class=\"aligncenter wp-image-1295 size-full\" src=\"http:\/\/www.xn--vrstetter-miteinander-hec.de\/wp-content\/uploads\/2018\/10\/IMG_7153.jpg\" alt=\"\" width=\"2448\" height=\"3264\" srcset=\"https:\/\/xn--vrstetter-miteinander-hec.de\/wp-content\/uploads\/2018\/10\/IMG_7153.jpg 2448w, https:\/\/xn--vrstetter-miteinander-hec.de\/wp-content\/uploads\/2018\/10\/IMG_7153-225x300.jpg 225w, https:\/\/xn--vrstetter-miteinander-hec.de\/wp-content\/uploads\/2018\/10\/IMG_7153-768x1024.jpg 768w\" sizes=\"auto, (max-width: 2448px) 100vw, 2448px\" \/><\/a><a href=\"http:\/\/www.xn--vrstetter-miteinander-hec.de\/?attachment_id=1296\" rel=\"attachment wp-att-1296\"><img loading=\"lazy\" decoding=\"async\" class=\"aligncenter wp-image-1296 size-full\" src=\"http:\/\/www.xn--vrstetter-miteinander-hec.de\/wp-content\/uploads\/2018\/10\/IMG_7156.jpg\" alt=\"\" width=\"3264\" height=\"2448\" srcset=\"https:\/\/xn--vrstetter-miteinander-hec.de\/wp-content\/uploads\/2018\/10\/IMG_7156.jpg 3264w, https:\/\/xn--vrstetter-miteinander-hec.de\/wp-content\/uploads\/2018\/10\/IMG_7156-300x225.jpg 300w, https:\/\/xn--vrstetter-miteinander-hec.de\/wp-content\/uploads\/2018\/10\/IMG_7156-768x576.jpg 768w, https:\/\/xn--vrstetter-miteinander-hec.de\/wp-content\/uploads\/2018\/10\/IMG_7156-1024x768.jpg 1024w\" sizes=\"auto, (max-width: 3264px) 100vw, 3264px\" \/><\/a><\/p>\n<p>\u00dcber die Preisverleihung des diesj\u00e4hrigen Zeitstifter-Preises berichtete die Badische Zeitung am 26.10.2018<\/p>\n<h2><a href=\"http:\/\/www.xn--vrstetter-miteinander-hec.de\/?attachment_id=1302\" rel=\"attachment wp-att-1302\"><img loading=\"lazy\" decoding=\"async\" class=\"aligncenter wp-image-1302 size-full\" src=\"http:\/\/www.xn--vrstetter-miteinander-hec.de\/wp-content\/uploads\/2018\/10\/Scan0001.jpg\" alt=\"\" width=\"1370\" height=\"2061\" srcset=\"https:\/\/xn--vrstetter-miteinander-hec.de\/wp-content\/uploads\/2018\/10\/Scan0001.jpg 1370w, https:\/\/xn--vrstetter-miteinander-hec.de\/wp-content\/uploads\/2018\/10\/Scan0001-199x300.jpg 199w, https:\/\/xn--vrstetter-miteinander-hec.de\/wp-content\/uploads\/2018\/10\/Scan0001-768x1155.jpg 768w, https:\/\/xn--vrstetter-miteinander-hec.de\/wp-content\/uploads\/2018\/10\/Scan0001-681x1024.jpg 681w\" sizes=\"auto, (max-width: 1370px) 100vw, 1370px\" \/><\/a><a href=\"http:\/\/www.xn--vrstetter-miteinander-hec.de\/?attachment_id=1307\" rel=\"attachment wp-att-1307\"><img loading=\"lazy\" decoding=\"async\" class=\"aligncenter wp-image-1307 size-full\" src=\"http:\/\/www.xn--vrstetter-miteinander-hec.de\/wp-content\/uploads\/2018\/10\/Scan.jpg\" alt=\"\" width=\"1374\" height=\"1984\" srcset=\"https:\/\/xn--vrstetter-miteinander-hec.de\/wp-content\/uploads\/2018\/10\/Scan.jpg 1374w, https:\/\/xn--vrstetter-miteinander-hec.de\/wp-content\/uploads\/2018\/10\/Scan-208x300.jpg 208w, https:\/\/xn--vrstetter-miteinander-hec.de\/wp-content\/uploads\/2018\/10\/Scan-768x1109.jpg 768w, https:\/\/xn--vrstetter-miteinander-hec.de\/wp-content\/uploads\/2018\/10\/Scan-709x1024.jpg 709w\" sizes=\"auto, (max-width: 1374px) 100vw, 1374px\" \/><\/a><\/h2>\n<h2>Auch die WochenZeitung &#8218;Von Haus zu Haus&#8216; berichtete:<\/h2>\n<h2><a href=\"http:\/\/www.xn--vrstetter-miteinander-hec.de\/?attachment_id=1314\" rel=\"attachment wp-att-1314\"><img loading=\"lazy\" decoding=\"async\" class=\"aligncenter wp-image-1314 size-full\" src=\"http:\/\/www.xn--vrstetter-miteinander-hec.de\/wp-content\/uploads\/2018\/11\/von-Haus-zu-Haus.jpg\" alt=\"\" width=\"1540\" height=\"1847\" srcset=\"https:\/\/xn--vrstetter-miteinander-hec.de\/wp-content\/uploads\/2018\/11\/von-Haus-zu-Haus.jpg 1540w, https:\/\/xn--vrstetter-miteinander-hec.de\/wp-content\/uploads\/2018\/11\/von-Haus-zu-Haus-250x300.jpg 250w, https:\/\/xn--vrstetter-miteinander-hec.de\/wp-content\/uploads\/2018\/11\/von-Haus-zu-Haus-768x921.jpg 768w, https:\/\/xn--vrstetter-miteinander-hec.de\/wp-content\/uploads\/2018\/11\/von-Haus-zu-Haus-854x1024.jpg 854w\" sizes=\"auto, (max-width: 1540px) 100vw, 1540px\" \/><\/a><\/h2>\n<p><a href=\"http:\/\/www.xn--vrstetter-miteinander-hec.de\/?attachment_id=1320\" rel=\"attachment wp-att-1320\"><img loading=\"lazy\" decoding=\"async\" class=\"aligncenter wp-image-1320 size-full\" src=\"http:\/\/www.xn--vrstetter-miteinander-hec.de\/wp-content\/uploads\/2018\/11\/Amtsblatt.jpg\" alt=\"\" width=\"1506\" height=\"2136\" srcset=\"https:\/\/xn--vrstetter-miteinander-hec.de\/wp-content\/uploads\/2018\/11\/Amtsblatt.jpg 1506w, https:\/\/xn--vrstetter-miteinander-hec.de\/wp-content\/uploads\/2018\/11\/Amtsblatt-212x300.jpg 212w, https:\/\/xn--vrstetter-miteinander-hec.de\/wp-content\/uploads\/2018\/11\/Amtsblatt-768x1089.jpg 768w, https:\/\/xn--vrstetter-miteinander-hec.de\/wp-content\/uploads\/2018\/11\/Amtsblatt-722x1024.jpg 722w\" sizes=\"auto, (max-width: 1506px) 100vw, 1506px\" \/><\/a><\/p>\n<h2><\/h2>\n<h2><strong>Dienstag, 23. Oktober 2018 um 18.30 Uhr<br \/>\nim B\u00fcrgersaal des Rathauses<\/strong><\/h2>\n<p><strong>Infoveranstaltung f\u00fcr alle Interessenten, die mehr \u00fcber die Entwicklung des Roteux-Quartiers wissen wollen und sich ehrenamtlich einbringen m\u00f6chten<\/strong><\/p>\n<p>Menschen mit viel Herz, die sich gemeinsam mit dem Caritasverband und dem V\u00f6rstetter Miteinander e.V. gerne ehrenamtlich f\u00fcr die Bewohnerinnen und Bewohner im Roteux-Quartier engagieren m\u00f6chten, sind ganz herzlich zu diesem Informationsabend eingeladen.<\/p>\n<p><a href=\"http:\/\/badische-zeitung.de\/trommeln-fuer-das-roteux-quartier\">Die Badische Zeitung berichtete am 2.10.2018 von einem Pressegespr\u00e4ch<\/a><\/p>\n<p>&nbsp;<\/p>\n<h2><strong>Freitag, 28. September 2018 um 19.00 Uhr<br \/>\nim Foyer der Heinz-Ritter-Halle<\/strong><\/h2>\n<p><strong>Impro-Theater &#8218;Freistil&#8216; mit Szenen aus dem Roteux-Quartier<br \/>\n<\/strong><\/p>\n<p><a href=\"http:\/\/badische-zeitung.de\/...\/szenen-aus-dem-roteux-quartier\">Die Badische Zeitung berichtete am 5.10.2018<\/a><\/p>\n<p>&nbsp;<\/p>\n<p><a href=\"http:\/\/www.xn--vrstetter-miteinander-hec.de\/?attachment_id=1262\" rel=\"attachment wp-att-1262\"><img loading=\"lazy\" decoding=\"async\" class=\"wp-image-1262 size-full\" src=\"http:\/\/www.xn--vrstetter-miteinander-hec.de\/wp-content\/uploads\/2018\/06\/Von-Haus-zu-Haus-21.06.2018.jpg\" alt=\"\" width=\"1565\" height=\"1392\" srcset=\"https:\/\/xn--vrstetter-miteinander-hec.de\/wp-content\/uploads\/2018\/06\/Von-Haus-zu-Haus-21.06.2018.jpg 1565w, https:\/\/xn--vrstetter-miteinander-hec.de\/wp-content\/uploads\/2018\/06\/Von-Haus-zu-Haus-21.06.2018-300x267.jpg 300w, https:\/\/xn--vrstetter-miteinander-hec.de\/wp-content\/uploads\/2018\/06\/Von-Haus-zu-Haus-21.06.2018-768x683.jpg 768w, https:\/\/xn--vrstetter-miteinander-hec.de\/wp-content\/uploads\/2018\/06\/Von-Haus-zu-Haus-21.06.2018-1024x911.jpg 1024w\" sizes=\"auto, (max-width: 1565px) 100vw, 1565px\" \/><\/a><\/p>\n<p>Die WochenZeitung &#8218;Von Haus zu Haus&#8216; berichtete am 21.Juni .2018<\/p>\n<h2><\/h2>\n<h2>Die Badische Zeitung berichtete am 16. Juni 2018 \u00fcber das <a href=\"http:\/\/badische-zeitung.de\/voerstetten\/der-rohbau-ist-fertig-x3x--153615446.html\">Richtfest des Seniorenzentrums in V\u00f6rstetten\u00a0\u00a0<\/a><\/h2>\n<div id=\"attachment_1253\" style=\"width: 3274px\" class=\"wp-caption aligncenter\"><a href=\"http:\/\/www.xn--vrstetter-miteinander-hec.de\/?attachment_id=1253\" rel=\"attachment wp-att-1253\"><img loading=\"lazy\" decoding=\"async\" aria-describedby=\"caption-attachment-1253\" class=\"wp-image-1253 size-full\" src=\"http:\/\/www.xn--vrstetter-miteinander-hec.de\/wp-content\/uploads\/2018\/06\/IMG_3681.jpg\" alt=\"\" width=\"3264\" height=\"2448\" srcset=\"https:\/\/xn--vrstetter-miteinander-hec.de\/wp-content\/uploads\/2018\/06\/IMG_3681.jpg 3264w, https:\/\/xn--vrstetter-miteinander-hec.de\/wp-content\/uploads\/2018\/06\/IMG_3681-300x225.jpg 300w, https:\/\/xn--vrstetter-miteinander-hec.de\/wp-content\/uploads\/2018\/06\/IMG_3681-768x576.jpg 768w, https:\/\/xn--vrstetter-miteinander-hec.de\/wp-content\/uploads\/2018\/06\/IMG_3681-1024x768.jpg 1024w\" sizes=\"auto, (max-width: 3264px) 100vw, 3264px\" \/><\/a><p id=\"caption-attachment-1253\" class=\"wp-caption-text\">Rainer Leweling<br \/>Gesch\u00e4ftsf\u00fchrer Caritasverband Emmendingen<\/p><\/div>\n<div id=\"attachment_1254\" style=\"width: 3274px\" class=\"wp-caption alignnone\"><a href=\"http:\/\/www.xn--vrstetter-miteinander-hec.de\/?attachment_id=1254\" rel=\"attachment wp-att-1254\"><img loading=\"lazy\" decoding=\"async\" aria-describedby=\"caption-attachment-1254\" class=\"wp-image-1254 size-full\" src=\"http:\/\/www.xn--vrstetter-miteinander-hec.de\/wp-content\/uploads\/2018\/06\/IMG_3690.jpg\" alt=\"\" width=\"3264\" height=\"2448\" srcset=\"https:\/\/xn--vrstetter-miteinander-hec.de\/wp-content\/uploads\/2018\/06\/IMG_3690.jpg 3264w, https:\/\/xn--vrstetter-miteinander-hec.de\/wp-content\/uploads\/2018\/06\/IMG_3690-300x225.jpg 300w, https:\/\/xn--vrstetter-miteinander-hec.de\/wp-content\/uploads\/2018\/06\/IMG_3690-768x576.jpg 768w, https:\/\/xn--vrstetter-miteinander-hec.de\/wp-content\/uploads\/2018\/06\/IMG_3690-1024x768.jpg 1024w\" sizes=\"auto, (max-width: 3264px) 100vw, 3264px\" \/><\/a><p id=\"caption-attachment-1254\" class=\"wp-caption-text\">Gru\u00dfwort B\u00fcrgermeister Lars Br\u00fcgner<\/p><\/div>\n<div id=\"attachment_1249\" style=\"width: 1109px\" class=\"wp-caption aligncenter\"><a href=\"http:\/\/www.xn--vrstetter-miteinander-hec.de\/?attachment_id=1249\" rel=\"attachment wp-att-1249\"><img loading=\"lazy\" decoding=\"async\" aria-describedby=\"caption-attachment-1249\" class=\"wp-image-1249 size-full\" src=\"http:\/\/www.xn--vrstetter-miteinander-hec.de\/wp-content\/uploads\/2018\/06\/IMG_1963.jpg\" alt=\"\" width=\"1099\" height=\"824\" srcset=\"https:\/\/xn--vrstetter-miteinander-hec.de\/wp-content\/uploads\/2018\/06\/IMG_1963.jpg 1099w, https:\/\/xn--vrstetter-miteinander-hec.de\/wp-content\/uploads\/2018\/06\/IMG_1963-300x225.jpg 300w, https:\/\/xn--vrstetter-miteinander-hec.de\/wp-content\/uploads\/2018\/06\/IMG_1963-768x576.jpg 768w, https:\/\/xn--vrstetter-miteinander-hec.de\/wp-content\/uploads\/2018\/06\/IMG_1963-1024x768.jpg 1024w\" sizes=\"auto, (max-width: 1099px) 100vw, 1099px\" \/><\/a><p id=\"caption-attachment-1249\" class=\"wp-caption-text\">die Handwerker haben gute Arbeit geleistet<\/p><\/div>\n<p>&nbsp;<\/p>\n<p><a href=\"http:\/\/www.xn--vrstetter-miteinander-hec.de\/?attachment_id=1251\" rel=\"attachment wp-att-1251\"><img loading=\"lazy\" decoding=\"async\" class=\"aligncenter wp-image-1251 size-full\" src=\"http:\/\/www.xn--vrstetter-miteinander-hec.de\/wp-content\/uploads\/2018\/06\/Rotheaux-Quartier-004.jpg\" alt=\"\" width=\"2560\" height=\"1920\" srcset=\"https:\/\/xn--vrstetter-miteinander-hec.de\/wp-content\/uploads\/2018\/06\/Rotheaux-Quartier-004.jpg 2560w, https:\/\/xn--vrstetter-miteinander-hec.de\/wp-content\/uploads\/2018\/06\/Rotheaux-Quartier-004-300x225.jpg 300w, https:\/\/xn--vrstetter-miteinander-hec.de\/wp-content\/uploads\/2018\/06\/Rotheaux-Quartier-004-768x576.jpg 768w, https:\/\/xn--vrstetter-miteinander-hec.de\/wp-content\/uploads\/2018\/06\/Rotheaux-Quartier-004-1024x768.jpg 1024w\" sizes=\"auto, (max-width: 2560px) 100vw, 2560px\" \/><\/a><\/p>\n<p><a href=\"http:\/\/www.xn--vrstetter-miteinander-hec.de\/?attachment_id=1257\" rel=\"attachment wp-att-1257\"><img loading=\"lazy\" decoding=\"async\" class=\"alignnone wp-image-1257 size-medium\" src=\"http:\/\/www.xn--vrstetter-miteinander-hec.de\/wp-content\/uploads\/2018\/06\/IMG_1954-300x225.jpg\" alt=\"\" width=\"300\" height=\"225\" srcset=\"https:\/\/xn--vrstetter-miteinander-hec.de\/wp-content\/uploads\/2018\/06\/IMG_1954-300x225.jpg 300w, https:\/\/xn--vrstetter-miteinander-hec.de\/wp-content\/uploads\/2018\/06\/IMG_1954-768x576.jpg 768w, https:\/\/xn--vrstetter-miteinander-hec.de\/wp-content\/uploads\/2018\/06\/IMG_1954-1024x768.jpg 1024w, https:\/\/xn--vrstetter-miteinander-hec.de\/wp-content\/uploads\/2018\/06\/IMG_1954.jpg 1099w\" sizes=\"auto, (max-width: 300px) 100vw, 300px\" \/><\/a><a href=\"http:\/\/www.xn--vrstetter-miteinander-hec.de\/?attachment_id=1258\" rel=\"attachment wp-att-1258\"><img loading=\"lazy\" decoding=\"async\" class=\"alignright wp-image-1258 size-medium\" src=\"http:\/\/www.xn--vrstetter-miteinander-hec.de\/wp-content\/uploads\/2018\/06\/IMG_1955-225x300.jpg\" alt=\"\" width=\"225\" height=\"300\" srcset=\"https:\/\/xn--vrstetter-miteinander-hec.de\/wp-content\/uploads\/2018\/06\/IMG_1955-225x300.jpg 225w, https:\/\/xn--vrstetter-miteinander-hec.de\/wp-content\/uploads\/2018\/06\/IMG_1955.jpg 618w\" sizes=\"auto, (max-width: 225px) 100vw, 225px\" \/><\/a><\/p>\n<p>&nbsp;<\/p>\n<p>&nbsp;<\/p>\n<div id=\"attachment_1242\" style=\"width: 851px\" class=\"wp-caption alignnone\"><a href=\"http:\/\/xn--vrstetter-miteinander-hec.de\/?attachment_id=1242\" rel=\"attachment wp-att-1242\"><img loading=\"lazy\" decoding=\"async\" aria-describedby=\"caption-attachment-1242\" class=\"wp-image-1242 size-full\" src=\"http:\/\/xn--vrstetter-miteinander-hec.de\/wp-content\/uploads\/2018\/06\/Richtfest-Ank\u00fcndigung-im-Von-Haus-zu-Haus.jpg\" alt=\"\" width=\"841\" height=\"481\" srcset=\"https:\/\/xn--vrstetter-miteinander-hec.de\/wp-content\/uploads\/2018\/06\/Richtfest-Ank\u00fcndigung-im-Von-Haus-zu-Haus.jpg 841w, https:\/\/xn--vrstetter-miteinander-hec.de\/wp-content\/uploads\/2018\/06\/Richtfest-Ank\u00fcndigung-im-Von-Haus-zu-Haus-300x172.jpg 300w, https:\/\/xn--vrstetter-miteinander-hec.de\/wp-content\/uploads\/2018\/06\/Richtfest-Ank\u00fcndigung-im-Von-Haus-zu-Haus-768x439.jpg 768w\" sizes=\"auto, (max-width: 841px) 100vw, 841px\" \/><\/a><p id=\"caption-attachment-1242\" class=\"wp-caption-text\">Ank\u00fcndigung im &#8218;Von Haus zu Haus&#8216; am 7. Juni 2018<\/p><\/div>\n<p>&nbsp;<\/p>\n<p>&nbsp;<\/p>\n<p><a href=\"http:\/\/xn--vrstetter-miteinander-hec.de\/?attachment_id=1137\" rel=\"attachment wp-att-1137\"><img loading=\"lazy\" decoding=\"async\" class=\"wp-image-1137 size-full\" src=\"http:\/\/xn--vrstetter-miteinander-hec.de\/wp-content\/uploads\/2018\/05\/HandyClMai2018-106.jpg\" alt=\"\" width=\"432\" height=\"768\" srcset=\"https:\/\/xn--vrstetter-miteinander-hec.de\/wp-content\/uploads\/2018\/05\/HandyClMai2018-106.jpg 432w, https:\/\/xn--vrstetter-miteinander-hec.de\/wp-content\/uploads\/2018\/05\/HandyClMai2018-106-169x300.jpg 169w\" sizes=\"auto, (max-width: 432px) 100vw, 432px\" \/><\/a><\/p>\n<p>Auf der B\u00fcrger- und Vereinsmesse, die alle zwei Jahre stattfindet, pr\u00e4sentierte sich der V\u00f6rstetter Miteinander e.V. mit dem Schwerpunkt <em><strong>Begegnungsst\u00e4tte<\/strong><\/em>. Diese wird eigenverantwortlich von unserem Verein betrieben werden.<\/p>\n<p>Die Suche nach weiteren Helfern zu verschiedensten Themen &#8211; wie Spieleabende, Lesungen, Vortr\u00e4ge, Informationsveranstaltungen, Offenes Singen, Offene Gymnastik, Begegnung mit Haustieren und vieles mehr &#8211; war sehr erfolgreich.<\/p>\n<p>Wenn auch Sie helfen und sich einbringen m\u00f6chten, melden Sie sich gerne an unter<br \/>\nTel. Nr. 07666\/4231 (Holger Lebender). Sollten wir nicht pers\u00f6nlich zu erreichen sein: vertrauen Sie sich unserem Anrufbeantworter an. Wir freuen uns \u00fcber jede Kontaktaufnahme und rufen gerne zur\u00fcck.<\/p>\n<h2><\/h2>\n<h2><strong>Modellausstellung des Seniorenzentrums mit Begegnungsst\u00e4tte und Wohnungen<\/strong><\/h2>\n<p>Nachdem der Bau des Seniorenzentrums mit Begegnungsst\u00e4tte und Wohnungen in vollem Gange ist und auch schon Form annimmt gibt es f\u00fcr interessierte B\u00fcrgerinnen und B\u00fcrger in der Zeit vom 11.04. bis 30.04.2018 die M\u00f6glichkeit, sich das Modell w\u00e4hrend der \u00fcblichen \u00d6ffnungszeiten im Rathaus (1. OG) anzuschauen.<\/p>\n<p>Au\u00dferdem wird das Modell im Rahmen der Neub\u00fcrgermesse am 22.04.2018 in der Heinz Ritter-Halle von 14.00 &#8211; 17.00 Uhr pr\u00e4sentiert.<\/p>\n<p><a href=\"http:\/\/badische-zeitung.de\/...\/kein-inventar-von-der-stange\">Die Badische Zeitung berichtete am 13.04.2018<\/a><\/p>\n<h3><a href=\"http:\/\/xn--vrstetter-miteinander-hec.de\/?attachment_id=1093\" rel=\"attachment wp-att-1093\"><img loading=\"lazy\" decoding=\"async\" class=\"alignnone wp-image-1093 size-full\" src=\"http:\/\/xn--vrstetter-miteinander-hec.de\/wp-content\/uploads\/2018\/02\/2018.02.21-Depressionen-im-Alter-Amtsblatt-2.jpg\" alt=\"\" width=\"1262\" height=\"885\" srcset=\"https:\/\/xn--vrstetter-miteinander-hec.de\/wp-content\/uploads\/2018\/02\/2018.02.21-Depressionen-im-Alter-Amtsblatt-2.jpg 1262w, https:\/\/xn--vrstetter-miteinander-hec.de\/wp-content\/uploads\/2018\/02\/2018.02.21-Depressionen-im-Alter-Amtsblatt-2-300x210.jpg 300w, https:\/\/xn--vrstetter-miteinander-hec.de\/wp-content\/uploads\/2018\/02\/2018.02.21-Depressionen-im-Alter-Amtsblatt-2-768x539.jpg 768w, https:\/\/xn--vrstetter-miteinander-hec.de\/wp-content\/uploads\/2018\/02\/2018.02.21-Depressionen-im-Alter-Amtsblatt-2-1024x718.jpg 1024w\" sizes=\"auto, (max-width: 1262px) 100vw, 1262px\" \/><\/a><\/h3>\n<h3><a href=\"http:\/\/xn--vrstetter-miteinander-hec.de\/?attachment_id=1037\" rel=\"attachment wp-att-1037\"><img loading=\"lazy\" decoding=\"async\" class=\"aligncenter wp-image-1037 size-full\" src=\"http:\/\/xn--vrstetter-miteinander-hec.de\/wp-content\/uploads\/2018\/01\/2018.01.24-Amtsblatt-2a.jpg\" alt=\"\" width=\"512\" height=\"867\" srcset=\"https:\/\/xn--vrstetter-miteinander-hec.de\/wp-content\/uploads\/2018\/01\/2018.01.24-Amtsblatt-2a.jpg 512w, https:\/\/xn--vrstetter-miteinander-hec.de\/wp-content\/uploads\/2018\/01\/2018.01.24-Amtsblatt-2a-177x300.jpg 177w\" sizes=\"auto, (max-width: 512px) 100vw, 512px\" \/><\/a><\/h3>\n<h3><a href=\"http:\/\/xn--vrstetter-miteinander-hec.de\/?attachment_id=1036\" rel=\"attachment wp-att-1036\"><img loading=\"lazy\" decoding=\"async\" class=\"aligncenter wp-image-1036 size-full\" src=\"http:\/\/xn--vrstetter-miteinander-hec.de\/wp-content\/uploads\/2018\/01\/2018.01.24-Amtsblatt-1c.jpg\" alt=\"\" width=\"570\" height=\"770\" srcset=\"https:\/\/xn--vrstetter-miteinander-hec.de\/wp-content\/uploads\/2018\/01\/2018.01.24-Amtsblatt-1c.jpg 570w, https:\/\/xn--vrstetter-miteinander-hec.de\/wp-content\/uploads\/2018\/01\/2018.01.24-Amtsblatt-1c-222x300.jpg 222w\" sizes=\"auto, (max-width: 570px) 100vw, 570px\" \/><\/a><\/h3>\n","protected":false},"excerpt":{"rendered":"<p>Mittwoch, 24. Oktober 2018 im B\u00fcrgersaal in Endingen: Unser Verein V\u00f6rstetter Miteinander e.V. wurde mir dem Zeitstifter-Preis des Sozialen Hilfsfonds des Landkreises Emmendingen ausgezeichnet. Damit hat unser noch junger Verein Geschichte geschrieben, auf die wir stolz sein k\u00f6nnen. \u00dcber die &hellip; <a href=\"https:\/\/xn--vrstetter-miteinander-hec.de\/?page_id=1417\">Weiterlesen <span class=\"meta-nav\">&rarr;<\/span><\/a><\/p>\n","protected":false},"author":4,"featured_media":0,"parent":234,"menu_order":0,"comment_status":"closed","ping_status":"closed","template":"","meta":{"footnotes":""},"class_list":["post-1417","page","type-page","status-publish","hentry"],"_links":{"self":[{"href":"https:\/\/xn--vrstetter-miteinander-hec.de\/index.php?rest_route=\/wp\/v2\/pages\/1417","targetHints":{"allow":["GET"]}}],"collection":[{"href":"https:\/\/xn--vrstetter-miteinander-hec.de\/index.php?rest_route=\/wp\/v2\/pages"}],"about":[{"href":"https:\/\/xn--vrstetter-miteinander-hec.de\/index.php?rest_route=\/wp\/v2\/types\/page"}],"author":[{"embeddable":true,"href":"https:\/\/xn--vrstetter-miteinander-hec.de\/index.php?rest_route=\/wp\/v2\/users\/4"}],"replies":[{"embeddable":true,"href":"https:\/\/xn--vrstetter-miteinander-hec.de\/index.php?rest_route=%2Fwp%2Fv2%2Fcomments&post=1417"}],"version-history":[{"count":5,"href":"https:\/\/xn--vrstetter-miteinander-hec.de\/index.php?rest_route=\/wp\/v2\/pages\/1417\/revisions"}],"predecessor-version":[{"id":1423,"href":"https:\/\/xn--vrstetter-miteinander-hec.de\/index.php?rest_route=\/wp\/v2\/pages\/1417\/revisions\/1423"}],"up":[{"embeddable":true,"href":"https:\/\/xn--vrstetter-miteinander-hec.de\/index.php?rest_route=\/wp\/v2\/pages\/234"}],"wp:attachment":[{"href":"https:\/\/xn--vrstetter-miteinander-hec.de\/index.php?rest_route=%2Fwp%2Fv2%2Fmedia&parent=1417"}],"curies":[{"name":"wp","href":"https:\/\/api.w.org\/{rel}","templated":true}]}}