{"id":2071,"date":"2022-08-23T21:42:41","date_gmt":"2022-08-23T19:42:41","guid":{"rendered":"https:\/\/xn--vrstetter-miteinander-hec.de\/?page_id=2071"},"modified":"2022-08-24T20:34:59","modified_gmt":"2022-08-24T18:34:59","slug":"verschenketag","status":"publish","type":"page","link":"https:\/\/xn--vrstetter-miteinander-hec.de\/?page_id=2071","title":{"rendered":"Verschenketag"},"content":{"rendered":"<p>Verschenken ist ein Moment des guten Gef\u00fchls<\/p>\n<div id=\"attachment_2034\" style=\"width: 650px\" class=\"wp-caption alignnone\"><a href=\"https:\/\/xn--vrstetter-miteinander-hec.de\/wp-content\/uploads\/2022\/07\/VerschenketagNEU.jpg\"><img loading=\"lazy\" decoding=\"async\" aria-describedby=\"caption-attachment-2034\" class=\"wp-image-2034 size-large\" src=\"https:\/\/xn--vrstetter-miteinander-hec.de\/wp-content\/uploads\/2022\/07\/VerschenketagNEU-1024x819.jpg\" alt=\"\" width=\"640\" height=\"512\" srcset=\"https:\/\/xn--vrstetter-miteinander-hec.de\/wp-content\/uploads\/2022\/07\/VerschenketagNEU-1024x819.jpg 1024w, https:\/\/xn--vrstetter-miteinander-hec.de\/wp-content\/uploads\/2022\/07\/VerschenketagNEU-300x240.jpg 300w, https:\/\/xn--vrstetter-miteinander-hec.de\/wp-content\/uploads\/2022\/07\/VerschenketagNEU-768x614.jpg 768w, https:\/\/xn--vrstetter-miteinander-hec.de\/wp-content\/uploads\/2022\/07\/VerschenketagNEU.jpg 1500w\" sizes=\"auto, (max-width: 640px) 100vw, 640px\" \/><\/a><p id=\"caption-attachment-2034\" class=\"wp-caption-text\">7-Mai 2022 erster V\u00f6rstetter Verschenketag<\/p><\/div>\n<p>Unser Raum wird zur Kleiderkammer f\u00fcr alle V\u00f6rstetter B\u00fcrger. Gut erhaltene und funktionst\u00fcchtige gebrauchte Sachen f\u00fcllen unseren Begegnungsraum.<br \/>\nUnsere ukrainischen Mitb\u00fcrger konnten wir schon in den Wochen zuvor bei Kaffee und Kuchen und Kinderbetreuung mit notwendig gebrauchten Kleidern versorgen. Jetzt konnten sie noch weiteres mit nach Hause nehmen.<br \/>\nViele gl\u00fcckliche Gesichter zeugen vom guten nachbarschaftlichen Miteinander!<\/p>\n<p>&nbsp;<\/p>\n","protected":false},"excerpt":{"rendered":"<p>Verschenken ist ein Moment des guten Gef\u00fchls Unser Raum wird zur Kleiderkammer f\u00fcr alle V\u00f6rstetter B\u00fcrger. Gut erhaltene und funktionst\u00fcchtige gebrauchte Sachen f\u00fcllen unseren Begegnungsraum. Unsere ukrainischen Mitb\u00fcrger konnten wir schon in den Wochen zuvor bei Kaffee und Kuchen und &hellip; <a href=\"https:\/\/xn--vrstetter-miteinander-hec.de\/?page_id=2071\">Weiterlesen <span class=\"meta-nav\">&rarr;<\/span><\/a><\/p>\n","protected":false},"author":4,"featured_media":0,"parent":1931,"menu_order":0,"comment_status":"closed","ping_status":"closed","template":"onecolumn-page.php","meta":{"footnotes":""},"class_list":["post-2071","page","type-page","status-publish","hentry"],"_links":{"self":[{"href":"https:\/\/xn--vrstetter-miteinander-hec.de\/index.php?rest_route=\/wp\/v2\/pages\/2071","targetHints":{"allow":["GET"]}}],"collection":[{"href":"https:\/\/xn--vrstetter-miteinander-hec.de\/index.php?rest_route=\/wp\/v2\/pages"}],"about":[{"href":"https:\/\/xn--vrstetter-miteinander-hec.de\/index.php?rest_route=\/wp\/v2\/types\/page"}],"author":[{"embeddable":true,"href":"https:\/\/xn--vrstetter-miteinander-hec.de\/index.php?rest_route=\/wp\/v2\/users\/4"}],"replies":[{"embeddable":true,"href":"https:\/\/xn--vrstetter-miteinander-hec.de\/index.php?rest_route=%2Fwp%2Fv2%2Fcomments&post=2071"}],"version-history":[{"count":7,"href":"https:\/\/xn--vrstetter-miteinander-hec.de\/index.php?rest_route=\/wp\/v2\/pages\/2071\/revisions"}],"predecessor-version":[{"id":2088,"href":"https:\/\/xn--vrstetter-miteinander-hec.de\/index.php?rest_route=\/wp\/v2\/pages\/2071\/revisions\/2088"}],"up":[{"embeddable":true,"href":"https:\/\/xn--vrstetter-miteinander-hec.de\/index.php?rest_route=\/wp\/v2\/pages\/1931"}],"wp:attachment":[{"href":"https:\/\/xn--vrstetter-miteinander-hec.de\/index.php?rest_route=%2Fwp%2Fv2%2Fmedia&parent=2071"}],"curies":[{"name":"wp","href":"https:\/\/api.w.org\/{rel}","templated":true}]}}