{"id":2120,"date":"2022-09-11T20:17:04","date_gmt":"2022-09-11T18:17:04","guid":{"rendered":"https:\/\/xn--vrstetter-miteinander-hec.de\/?page_id=2120"},"modified":"2023-02-23T09:11:58","modified_gmt":"2023-02-23T08:11:58","slug":"deutsch-begleitkurs","status":"publish","type":"page","link":"https:\/\/xn--vrstetter-miteinander-hec.de\/?page_id=2120","title":{"rendered":"Deutsch Begleitkurs"},"content":{"rendered":"<p style=\"font-weight: 400;\">Der Deutsch Begleitkurs hat eine lange Tradition, denn bereits 2015 trafen sich Ehrenamtliche, um die Geflohenen aus Syrien beim Erlernen der deutschen Sprache zu unterst\u00fctzen.<\/p>\n<p style=\"font-weight: 400;\">Bereits ab April diesen Jahres galt es, den Geflohenen aus der Ukraine Deutschkenntnisse zu vermitteln und ihnen in Alltagssituationen zu helfen.<\/p>\n<p style=\"font-weight: 400;\">Carmen Dier-Greiner und ihr Team treffen sich immer mittwochs abends von 17:00 bis 18:30 Uhr in der Begegnungsst\u00e4tte des Roteux Quartiers, um den aktiven Sprachgebrauch zu f\u00f6rdern und den VHS-Integrationskurs Deutsch, der t\u00e4glich stattfindet, zu begleiten.<\/p>\n<p style=\"font-weight: 400;\">Hier gilt es, sich sensibel auf den Kenntnisstand der Teilnehmer*innen einzustellen und sie zu ermutigen, an der Kommunikation teilzunehmen. Durch Spiele, Bilder, Landeskunde und Allt\u00e4gliches wird der Unterricht aufgelockert.<\/p>\n<hr \/>\n<p><a href=\"https:\/\/xn--vrstetter-miteinander-hec.de\/wp-content\/uploads\/2022\/09\/Musikalischer-Abend-2.jpg\"><img loading=\"lazy\" decoding=\"async\" class=\"alignleft wp-image-2127 size-large\" src=\"https:\/\/xn--vrstetter-miteinander-hec.de\/wp-content\/uploads\/2022\/09\/Musikalischer-Abend-2-1024x819.jpg\" alt=\"\" width=\"640\" height=\"512\" srcset=\"https:\/\/xn--vrstetter-miteinander-hec.de\/wp-content\/uploads\/2022\/09\/Musikalischer-Abend-2-1024x819.jpg 1024w, https:\/\/xn--vrstetter-miteinander-hec.de\/wp-content\/uploads\/2022\/09\/Musikalischer-Abend-2-300x240.jpg 300w, https:\/\/xn--vrstetter-miteinander-hec.de\/wp-content\/uploads\/2022\/09\/Musikalischer-Abend-2-768x614.jpg 768w, https:\/\/xn--vrstetter-miteinander-hec.de\/wp-content\/uploads\/2022\/09\/Musikalischer-Abend-2.jpg 1500w\" sizes=\"auto, (max-width: 640px) 100vw, 640px\" \/><\/a><\/p>\n<p>Die Hilfsbereitschaft der V\u00f6rstetter Bev\u00f6lkerung h\u00e4lt an und zeigt sich im<br \/>\nregen Austausch mit den neuen ukrainischen Mitb\u00fcrgern. Zus\u00e4tzliche<br \/>\nDeutschkurse und Gespr\u00e4chskreise in geselligem Rahmen konnten vom V\u00f6rstetter<br \/>\nMiteinader organisiert und von Ehrenamtlichen begleitet werden.<br \/>\nB\u00fcrgermeister Br\u00fcgner begr\u00fc\u00dfte aus diesem Grund die Gastgeber und die Helfer des<br \/>\nVereins \u201eV\u00f6rstetter Miteinder\u201c sowie die Ukrainer*innen zur gro\u00dfen \u00dcberraschung aller auf\u00a0Ukrainisch.<br \/>\nBei dieser besonderen Veranstaltung gab es verschiedene Quiches\u00a0und Getr\u00e4nke und die Anwesenden konnten sich angeregt<br \/>\nunterhalten und der Klaviermusik des ukrainischen Musikers Oleksandr\u00a0Vorobyov lauschen. Spontan sangen die ukrainischen G\u00e4ste\u00a0zwei\u00a0Lieder aus ihrer Heimat, was mit gro\u00dfem Applaus bedacht wurde.<\/p>\n<p>Ende Februar 2023 wird in V\u00f6rstetten der Begleitkurs mit der Pr\u00fcfung B1 abgeschlossen.<br \/>\nDas ist ein Grund zum Feiern.<\/p>\n<p><a href=\"https:\/\/xn--vrstetter-miteinander-hec.de\/wp-content\/uploads\/2023\/02\/Carmen-mit-Begleitkurs.jpg\"><img loading=\"lazy\" decoding=\"async\" class=\"alignnone wp-image-2296 size-full\" src=\"https:\/\/xn--vrstetter-miteinander-hec.de\/wp-content\/uploads\/2023\/02\/Carmen-mit-Begleitkurs.jpg\" alt=\"\" width=\"1600\" height=\"1200\" srcset=\"https:\/\/xn--vrstetter-miteinander-hec.de\/wp-content\/uploads\/2023\/02\/Carmen-mit-Begleitkurs.jpg 1600w, https:\/\/xn--vrstetter-miteinander-hec.de\/wp-content\/uploads\/2023\/02\/Carmen-mit-Begleitkurs-300x225.jpg 300w, https:\/\/xn--vrstetter-miteinander-hec.de\/wp-content\/uploads\/2023\/02\/Carmen-mit-Begleitkurs-1024x768.jpg 1024w, https:\/\/xn--vrstetter-miteinander-hec.de\/wp-content\/uploads\/2023\/02\/Carmen-mit-Begleitkurs-768x576.jpg 768w, https:\/\/xn--vrstetter-miteinander-hec.de\/wp-content\/uploads\/2023\/02\/Carmen-mit-Begleitkurs-1536x1152.jpg 1536w\" sizes=\"auto, (max-width: 1600px) 100vw, 1600px\" \/><\/a>Carmen(2.v.r) mit einigen Teilnehmerinnen aus der Ukraine nach absolvierter B1 Pr\u00fcfung.<\/p>\n<p><a href=\"https:\/\/xn--vrstetter-miteinander-hec.de\/wp-content\/uploads\/2023\/02\/IMG-20230223-WA0002.jpg\"><img loading=\"lazy\" decoding=\"async\" class=\"alignnone size-medium wp-image-2297\" src=\"https:\/\/xn--vrstetter-miteinander-hec.de\/wp-content\/uploads\/2023\/02\/IMG-20230223-WA0002-300x225.jpg\" alt=\"\" width=\"300\" height=\"225\" srcset=\"https:\/\/xn--vrstetter-miteinander-hec.de\/wp-content\/uploads\/2023\/02\/IMG-20230223-WA0002-300x225.jpg 300w, https:\/\/xn--vrstetter-miteinander-hec.de\/wp-content\/uploads\/2023\/02\/IMG-20230223-WA0002-1024x768.jpg 1024w, https:\/\/xn--vrstetter-miteinander-hec.de\/wp-content\/uploads\/2023\/02\/IMG-20230223-WA0002-768x576.jpg 768w, https:\/\/xn--vrstetter-miteinander-hec.de\/wp-content\/uploads\/2023\/02\/IMG-20230223-WA0002-1536x1152.jpg 1536w, https:\/\/xn--vrstetter-miteinander-hec.de\/wp-content\/uploads\/2023\/02\/IMG-20230223-WA0002.jpg 1600w\" sizes=\"auto, (max-width: 300px) 100vw, 300px\" \/><\/a> <a href=\"https:\/\/xn--vrstetter-miteinander-hec.de\/wp-content\/uploads\/2023\/02\/IMG-20230223-WA0003.jpg\"><img loading=\"lazy\" decoding=\"async\" class=\"alignnone size-medium wp-image-2298\" src=\"https:\/\/xn--vrstetter-miteinander-hec.de\/wp-content\/uploads\/2023\/02\/IMG-20230223-WA0003-300x225.jpg\" alt=\"\" width=\"300\" height=\"225\" srcset=\"https:\/\/xn--vrstetter-miteinander-hec.de\/wp-content\/uploads\/2023\/02\/IMG-20230223-WA0003-300x225.jpg 300w, https:\/\/xn--vrstetter-miteinander-hec.de\/wp-content\/uploads\/2023\/02\/IMG-20230223-WA0003-1024x768.jpg 1024w, https:\/\/xn--vrstetter-miteinander-hec.de\/wp-content\/uploads\/2023\/02\/IMG-20230223-WA0003-768x576.jpg 768w, https:\/\/xn--vrstetter-miteinander-hec.de\/wp-content\/uploads\/2023\/02\/IMG-20230223-WA0003-1536x1152.jpg 1536w, https:\/\/xn--vrstetter-miteinander-hec.de\/wp-content\/uploads\/2023\/02\/IMG-20230223-WA0003.jpg 1600w\" sizes=\"auto, (max-width: 300px) 100vw, 300px\" \/><\/a><\/p>\n","protected":false},"excerpt":{"rendered":"<p>Der Deutsch Begleitkurs hat eine lange Tradition, denn bereits 2015 trafen sich Ehrenamtliche, um die Geflohenen aus Syrien beim Erlernen der deutschen Sprache zu unterst\u00fctzen. Bereits ab April diesen Jahres galt es, den Geflohenen aus der Ukraine Deutschkenntnisse zu vermitteln &hellip; <a href=\"https:\/\/xn--vrstetter-miteinander-hec.de\/?page_id=2120\">Weiterlesen <span class=\"meta-nav\">&rarr;<\/span><\/a><\/p>\n","protected":false},"author":4,"featured_media":0,"parent":1931,"menu_order":0,"comment_status":"closed","ping_status":"closed","template":"onecolumn-page.php","meta":{"footnotes":""},"class_list":["post-2120","page","type-page","status-publish","hentry"],"_links":{"self":[{"href":"https:\/\/xn--vrstetter-miteinander-hec.de\/index.php?rest_route=\/wp\/v2\/pages\/2120","targetHints":{"allow":["GET"]}}],"collection":[{"href":"https:\/\/xn--vrstetter-miteinander-hec.de\/index.php?rest_route=\/wp\/v2\/pages"}],"about":[{"href":"https:\/\/xn--vrstetter-miteinander-hec.de\/index.php?rest_route=\/wp\/v2\/types\/page"}],"author":[{"embeddable":true,"href":"https:\/\/xn--vrstetter-miteinander-hec.de\/index.php?rest_route=\/wp\/v2\/users\/4"}],"replies":[{"embeddable":true,"href":"https:\/\/xn--vrstetter-miteinander-hec.de\/index.php?rest_route=%2Fwp%2Fv2%2Fcomments&post=2120"}],"version-history":[{"count":6,"href":"https:\/\/xn--vrstetter-miteinander-hec.de\/index.php?rest_route=\/wp\/v2\/pages\/2120\/revisions"}],"predecessor-version":[{"id":2300,"href":"https:\/\/xn--vrstetter-miteinander-hec.de\/index.php?rest_route=\/wp\/v2\/pages\/2120\/revisions\/2300"}],"up":[{"embeddable":true,"href":"https:\/\/xn--vrstetter-miteinander-hec.de\/index.php?rest_route=\/wp\/v2\/pages\/1931"}],"wp:attachment":[{"href":"https:\/\/xn--vrstetter-miteinander-hec.de\/index.php?rest_route=%2Fwp%2Fv2%2Fmedia&parent=2120"}],"curies":[{"name":"wp","href":"https:\/\/api.w.org\/{rel}","templated":true}]}}

<p style="font-weight: 400;">Der Deutsch Begleitkurs hat eine lange Tradition, denn bereits 2015 trafen sich Ehrenamtliche, um die Geflohenen aus Syrien beim Erlernen der deutschen Sprache zu unterstützen.</p>
<p style="font-weight: 400;">Bereits ab April diesen Jahres galt es, den Geflohenen aus der Ukraine Deutschkenntnisse zu vermitteln und ihnen in Alltagssituationen zu helfen.</p>
<p style="font-weight: 400;">Carmen Dier-Greiner und ihr Team treffen sich immer mittwochs abends von 17:00 bis 18:30 Uhr in der Begegnungsstätte des Roteux Quartiers, um den aktiven Sprachgebrauch zu fördern und den VHS-Integrationskurs Deutsch, der täglich stattfindet, zu begleiten.</p>
<p style="font-weight: 400;">Hier gilt es, sich sensibel auf den Kenntnisstand der Teilnehmer*innen einzustellen und sie zu ermutigen, an der Kommunikation teilzunehmen. Durch Spiele, Bilder, Landeskunde und Alltägliches wird der Unterricht aufgelockert.</p>
<hr />
<p><a href="https://xn--vrstetter-miteinander-hec.de/wp-content/uploads/2022/09/Musikalischer-Abend-2.jpg"><img loading="lazy" decoding="async" class="alignleft wp-image-2127 size-large" src="https://xn--vrstetter-miteinander-hec.de/wp-content/uploads/2022/09/Musikalischer-Abend-2-1024x819.jpg" alt="" width="640" height="512" srcset="https://xn--vrstetter-miteinander-hec.de/wp-content/uploads/2022/09/Musikalischer-Abend-2-1024x819.jpg 1024w, https://xn--vrstetter-miteinander-hec.de/wp-content/uploads/2022/09/Musikalischer-Abend-2-300x240.jpg 300w, https://xn--vrstetter-miteinander-hec.de/wp-content/uploads/2022/09/Musikalischer-Abend-2-768x614.jpg 768w, https://xn--vrstetter-miteinander-hec.de/wp-content/uploads/2022/09/Musikalischer-Abend-2.jpg 1500w" sizes="auto, (max-width: 640px) 100vw, 640px" /></a></p>
<p>Die Hilfsbereitschaft der Vörstetter Bevölkerung hält an und zeigt sich im<br />
regen Austausch mit den neuen ukrainischen Mitbürgern. Zusätzliche<br />
Deutschkurse und Gesprächskreise in geselligem Rahmen konnten vom Vörstetter<br />
Miteinader organisiert und von Ehrenamtlichen begleitet werden.<br />
Bürgermeister Brügner begrüßte aus diesem Grund die Gastgeber und die Helfer des<br />
Vereins „Vörstetter Miteinder“ sowie die Ukrainer*innen zur großen Überraschung aller auf Ukrainisch.<br />
Bei dieser besonderen Veranstaltung gab es verschiedene Quiches und Getränke und die Anwesenden konnten sich angeregt<br />
unterhalten und der Klaviermusik des ukrainischen Musikers Oleksandr Vorobyov lauschen. Spontan sangen die ukrainischen Gäste zwei Lieder aus ihrer Heimat, was mit großem Applaus bedacht wurde.</p>
<p>Ende Februar 2023 wird in Vörstetten der Begleitkurs mit der Prüfung B1 abgeschlossen.<br />
Das ist ein Grund zum Feiern.</p>
<p><a href="https://xn--vrstetter-miteinander-hec.de/wp-content/uploads/2023/02/Carmen-mit-Begleitkurs.jpg"><img loading="lazy" decoding="async" class="alignnone wp-image-2296 size-full" src="https://xn--vrstetter-miteinander-hec.de/wp-content/uploads/2023/02/Carmen-mit-Begleitkurs.jpg" alt="" width="1600" height="1200" srcset="https://xn--vrstetter-miteinander-hec.de/wp-content/uploads/2023/02/Carmen-mit-Begleitkurs.jpg 1600w, https://xn--vrstetter-miteinander-hec.de/wp-content/uploads/2023/02/Carmen-mit-Begleitkurs-300x225.jpg 300w, https://xn--vrstetter-miteinander-hec.de/wp-content/uploads/2023/02/Carmen-mit-Begleitkurs-1024x768.jpg 1024w, https://xn--vrstetter-miteinander-hec.de/wp-content/uploads/2023/02/Carmen-mit-Begleitkurs-768x576.jpg 768w, https://xn--vrstetter-miteinander-hec.de/wp-content/uploads/2023/02/Carmen-mit-Begleitkurs-1536x1152.jpg 1536w" sizes="auto, (max-width: 1600px) 100vw, 1600px" /></a>Carmen(2.v.r) mit einigen Teilnehmerinnen aus der Ukraine nach absolvierter B1 Prüfung.</p>
<p><a href="https://xn--vrstetter-miteinander-hec.de/wp-content/uploads/2023/02/IMG-20230223-WA0002.jpg"><img loading="lazy" decoding="async" class="alignnone size-medium wp-image-2297" src="https://xn--vrstetter-miteinander-hec.de/wp-content/uploads/2023/02/IMG-20230223-WA0002-300x225.jpg" alt="" width="300" height="225" srcset="https://xn--vrstetter-miteinander-hec.de/wp-content/uploads/2023/02/IMG-20230223-WA0002-300x225.jpg 300w, https://xn--vrstetter-miteinander-hec.de/wp-content/uploads/2023/02/IMG-20230223-WA0002-1024x768.jpg 1024w, https://xn--vrstetter-miteinander-hec.de/wp-content/uploads/2023/02/IMG-20230223-WA0002-768x576.jpg 768w, https://xn--vrstetter-miteinander-hec.de/wp-content/uploads/2023/02/IMG-20230223-WA0002-1536x1152.jpg 1536w, https://xn--vrstetter-miteinander-hec.de/wp-content/uploads/2023/02/IMG-20230223-WA0002.jpg 1600w" sizes="auto, (max-width: 300px) 100vw, 300px" /></a> <a href="https://xn--vrstetter-miteinander-hec.de/wp-content/uploads/2023/02/IMG-20230223-WA0003.jpg"><img loading="lazy" decoding="async" class="alignnone size-medium wp-image-2298" src="https://xn--vrstetter-miteinander-hec.de/wp-content/uploads/2023/02/IMG-20230223-WA0003-300x225.jpg" alt="" width="300" height="225" srcset="https://xn--vrstetter-miteinander-hec.de/wp-content/uploads/2023/02/IMG-20230223-WA0003-300x225.jpg 300w, https://xn--vrstetter-miteinander-hec.de/wp-content/uploads/2023/02/IMG-20230223-WA0003-1024x768.jpg 1024w, https://xn--vrstetter-miteinander-hec.de/wp-content/uploads/2023/02/IMG-20230223-WA0003-768x576.jpg 768w, https://xn--vrstetter-miteinander-hec.de/wp-content/uploads/2023/02/IMG-20230223-WA0003-1536x1152.jpg 1536w, https://xn--vrstetter-miteinander-hec.de/wp-content/uploads/2023/02/IMG-20230223-WA0003.jpg 1600w" sizes="auto, (max-width: 300px) 100vw, 300px" /></a></p>

<p>Der Deutsch Begleitkurs hat eine lange Tradition, denn bereits 2015 trafen sich Ehrenamtliche, um die Geflohenen aus Syrien beim Erlernen der deutschen Sprache zu unterstützen. Bereits ab April diesen Jahres galt es, den Geflohenen aus der Ukraine Deutschkenntnisse zu vermitteln &hellip; <a href="https://xn--vrstetter-miteinander-hec.de/?page_id=2120">Weiterlesen <span class="meta-nav">&rarr;</span></a></p>
