{"id":2259,"date":"2023-02-09T08:21:10","date_gmt":"2023-02-09T07:21:10","guid":{"rendered":"https:\/\/xn--vrstetter-miteinander-hec.de\/?page_id=2259"},"modified":"2023-02-11T12:27:37","modified_gmt":"2023-02-11T11:27:37","slug":"dienstagstreff","status":"publish","type":"page","link":"https:\/\/xn--vrstetter-miteinander-hec.de\/?page_id=2259","title":{"rendered":"Dienstagstreff"},"content":{"rendered":"<p><a href=\"https:\/\/xn--vrstetter-miteinander-hec.de\/wp-content\/uploads\/2023\/02\/Kuchen-scaled.jpg\"><img loading=\"lazy\" decoding=\"async\" class=\"wp-image-2260 alignnone\" src=\"https:\/\/xn--vrstetter-miteinander-hec.de\/wp-content\/uploads\/2023\/02\/Kuchen-227x300.jpg\" alt=\"\" width=\"185\" height=\"244\" srcset=\"https:\/\/xn--vrstetter-miteinander-hec.de\/wp-content\/uploads\/2023\/02\/Kuchen-227x300.jpg 227w, https:\/\/xn--vrstetter-miteinander-hec.de\/wp-content\/uploads\/2023\/02\/Kuchen-775x1024.jpg 775w, https:\/\/xn--vrstetter-miteinander-hec.de\/wp-content\/uploads\/2023\/02\/Kuchen-768x1015.jpg 768w, https:\/\/xn--vrstetter-miteinander-hec.de\/wp-content\/uploads\/2023\/02\/Kuchen-1162x1536.jpg 1162w, https:\/\/xn--vrstetter-miteinander-hec.de\/wp-content\/uploads\/2023\/02\/Kuchen-1550x2048.jpg 1550w, https:\/\/xn--vrstetter-miteinander-hec.de\/wp-content\/uploads\/2023\/02\/Kuchen-scaled.jpg 1937w\" sizes=\"auto, (max-width: 185px) 100vw, 185px\" \/><\/a><a href=\"https:\/\/xn--vrstetter-miteinander-hec.de\/wp-content\/uploads\/2023\/02\/PXL_20230207_154928896-scaled.jpg\"><img loading=\"lazy\" decoding=\"async\" class=\"alignright wp-image-2261\" src=\"https:\/\/xn--vrstetter-miteinander-hec.de\/wp-content\/uploads\/2023\/02\/PXL_20230207_154928896-300x225.jpg\" alt=\"\" width=\"327\" height=\"245\" srcset=\"https:\/\/xn--vrstetter-miteinander-hec.de\/wp-content\/uploads\/2023\/02\/PXL_20230207_154928896-300x225.jpg 300w, https:\/\/xn--vrstetter-miteinander-hec.de\/wp-content\/uploads\/2023\/02\/PXL_20230207_154928896-1024x768.jpg 1024w, https:\/\/xn--vrstetter-miteinander-hec.de\/wp-content\/uploads\/2023\/02\/PXL_20230207_154928896-768x576.jpg 768w, https:\/\/xn--vrstetter-miteinander-hec.de\/wp-content\/uploads\/2023\/02\/PXL_20230207_154928896-1536x1152.jpg 1536w, https:\/\/xn--vrstetter-miteinander-hec.de\/wp-content\/uploads\/2023\/02\/PXL_20230207_154928896-2048x1536.jpg 2048w\" sizes=\"auto, (max-width: 327px) 100vw, 327px\" \/><\/a><\/p>\n<p>Immer am ersten Dienstag im Monat laden wir zu einem gem\u00fctlichen Nachmittag mit Kaffee und Kuchen, offenem Singen und zu einem Sonderprogramm ein.<\/p>\n<p>Am <strong>Dienstag, 7. Februar\u00a0<\/strong>\u00fcberraschen wir mit einem besonderen Programm innerhalb der Reihe Kaffee, Kuchen und Offenes Singen, da Hanna Lack zu einer <strong>Lesung von Gedichten der deutschsprachigen Poetin Mascha Kal\u00e9ko<\/strong> (1907-1975) einl\u00e4dt. Hanna Lack gibt einen kurzen \u00dcberblick \u00fcber das Leben der Dichterin und schl\u00fcpft dann in verschiedene Rollen beim Vortragen der Gedichte, mal lustig, mal froh, mal traurig. Susanne Denzel wird die Lesung musikalisch umrahmen.<\/p>\n<p><a href=\"https:\/\/xn--vrstetter-miteinander-hec.de\/wp-content\/uploads\/2023\/02\/Hanna-Lack.jpg\"><img loading=\"lazy\" decoding=\"async\" class=\"alignnone wp-image-2262 size-full\" src=\"https:\/\/xn--vrstetter-miteinander-hec.de\/wp-content\/uploads\/2023\/02\/Hanna-Lack.jpg\" alt=\"\" width=\"1500\" height=\"1200\" srcset=\"https:\/\/xn--vrstetter-miteinander-hec.de\/wp-content\/uploads\/2023\/02\/Hanna-Lack.jpg 1500w, https:\/\/xn--vrstetter-miteinander-hec.de\/wp-content\/uploads\/2023\/02\/Hanna-Lack-300x240.jpg 300w, https:\/\/xn--vrstetter-miteinander-hec.de\/wp-content\/uploads\/2023\/02\/Hanna-Lack-1024x819.jpg 1024w, https:\/\/xn--vrstetter-miteinander-hec.de\/wp-content\/uploads\/2023\/02\/Hanna-Lack-768x614.jpg 768w\" sizes=\"auto, (max-width: 1500px) 100vw, 1500px\" \/><\/a><\/p>\n","protected":false},"excerpt":{"rendered":"<p>Immer am ersten Dienstag im Monat laden wir zu einem gem\u00fctlichen Nachmittag mit Kaffee und Kuchen, offenem Singen und zu einem Sonderprogramm ein. Am Dienstag, 7. Februar\u00a0\u00fcberraschen wir mit einem besonderen Programm innerhalb der Reihe Kaffee, Kuchen und Offenes Singen, &hellip; <a href=\"https:\/\/xn--vrstetter-miteinander-hec.de\/?page_id=2259\">Weiterlesen <span class=\"meta-nav\">&rarr;<\/span><\/a><\/p>\n","protected":false},"author":5,"featured_media":0,"parent":0,"menu_order":0,"comment_status":"closed","ping_status":"closed","template":"onecolumn-page.php","meta":{"footnotes":""},"class_list":["post-2259","page","type-page","status-publish","hentry"],"_links":{"self":[{"href":"https:\/\/xn--vrstetter-miteinander-hec.de\/index.php?rest_route=\/wp\/v2\/pages\/2259","targetHints":{"allow":["GET"]}}],"collection":[{"href":"https:\/\/xn--vrstetter-miteinander-hec.de\/index.php?rest_route=\/wp\/v2\/pages"}],"about":[{"href":"https:\/\/xn--vrstetter-miteinander-hec.de\/index.php?rest_route=\/wp\/v2\/types\/page"}],"author":[{"embeddable":true,"href":"https:\/\/xn--vrstetter-miteinander-hec.de\/index.php?rest_route=\/wp\/v2\/users\/5"}],"replies":[{"embeddable":true,"href":"https:\/\/xn--vrstetter-miteinander-hec.de\/index.php?rest_route=%2Fwp%2Fv2%2Fcomments&post=2259"}],"version-history":[{"count":1,"href":"https:\/\/xn--vrstetter-miteinander-hec.de\/index.php?rest_route=\/wp\/v2\/pages\/2259\/revisions"}],"predecessor-version":[{"id":2263,"href":"https:\/\/xn--vrstetter-miteinander-hec.de\/index.php?rest_route=\/wp\/v2\/pages\/2259\/revisions\/2263"}],"wp:attachment":[{"href":"https:\/\/xn--vrstetter-miteinander-hec.de\/index.php?rest_route=%2Fwp%2Fv2%2Fmedia&parent=2259"}],"curies":[{"name":"wp","href":"https:\/\/api.w.org\/{rel}","templated":true}]}}

<p><a href="https://xn--vrstetter-miteinander-hec.de/wp-content/uploads/2023/02/Kuchen-scaled.jpg"><img loading="lazy" decoding="async" class="wp-image-2260 alignnone" src="https://xn--vrstetter-miteinander-hec.de/wp-content/uploads/2023/02/Kuchen-227x300.jpg" alt="" width="185" height="244" srcset="https://xn--vrstetter-miteinander-hec.de/wp-content/uploads/2023/02/Kuchen-227x300.jpg 227w, https://xn--vrstetter-miteinander-hec.de/wp-content/uploads/2023/02/Kuchen-775x1024.jpg 775w, https://xn--vrstetter-miteinander-hec.de/wp-content/uploads/2023/02/Kuchen-768x1015.jpg 768w, https://xn--vrstetter-miteinander-hec.de/wp-content/uploads/2023/02/Kuchen-1162x1536.jpg 1162w, https://xn--vrstetter-miteinander-hec.de/wp-content/uploads/2023/02/Kuchen-1550x2048.jpg 1550w, https://xn--vrstetter-miteinander-hec.de/wp-content/uploads/2023/02/Kuchen-scaled.jpg 1937w" sizes="auto, (max-width: 185px) 100vw, 185px" /></a><a href="https://xn--vrstetter-miteinander-hec.de/wp-content/uploads/2023/02/PXL_20230207_154928896-scaled.jpg"><img loading="lazy" decoding="async" class="alignright wp-image-2261" src="https://xn--vrstetter-miteinander-hec.de/wp-content/uploads/2023/02/PXL_20230207_154928896-300x225.jpg" alt="" width="327" height="245" srcset="https://xn--vrstetter-miteinander-hec.de/wp-content/uploads/2023/02/PXL_20230207_154928896-300x225.jpg 300w, https://xn--vrstetter-miteinander-hec.de/wp-content/uploads/2023/02/PXL_20230207_154928896-1024x768.jpg 1024w, https://xn--vrstetter-miteinander-hec.de/wp-content/uploads/2023/02/PXL_20230207_154928896-768x576.jpg 768w, https://xn--vrstetter-miteinander-hec.de/wp-content/uploads/2023/02/PXL_20230207_154928896-1536x1152.jpg 1536w, https://xn--vrstetter-miteinander-hec.de/wp-content/uploads/2023/02/PXL_20230207_154928896-2048x1536.jpg 2048w" sizes="auto, (max-width: 327px) 100vw, 327px" /></a></p>
<p>Immer am ersten Dienstag im Monat laden wir zu einem gemütlichen Nachmittag mit Kaffee und Kuchen, offenem Singen und zu einem Sonderprogramm ein.</p>
<p>Am <strong>Dienstag, 7. Februar </strong>überraschen wir mit einem besonderen Programm innerhalb der Reihe Kaffee, Kuchen und Offenes Singen, da Hanna Lack zu einer <strong>Lesung von Gedichten der deutschsprachigen Poetin Mascha Kaléko</strong> (1907-1975) einlädt. Hanna Lack gibt einen kurzen Überblick über das Leben der Dichterin und schlüpft dann in verschiedene Rollen beim Vortragen der Gedichte, mal lustig, mal froh, mal traurig. Susanne Denzel wird die Lesung musikalisch umrahmen.</p>
<p><a href="https://xn--vrstetter-miteinander-hec.de/wp-content/uploads/2023/02/Hanna-Lack.jpg"><img loading="lazy" decoding="async" class="alignnone wp-image-2262 size-full" src="https://xn--vrstetter-miteinander-hec.de/wp-content/uploads/2023/02/Hanna-Lack.jpg" alt="" width="1500" height="1200" srcset="https://xn--vrstetter-miteinander-hec.de/wp-content/uploads/2023/02/Hanna-Lack.jpg 1500w, https://xn--vrstetter-miteinander-hec.de/wp-content/uploads/2023/02/Hanna-Lack-300x240.jpg 300w, https://xn--vrstetter-miteinander-hec.de/wp-content/uploads/2023/02/Hanna-Lack-1024x819.jpg 1024w, https://xn--vrstetter-miteinander-hec.de/wp-content/uploads/2023/02/Hanna-Lack-768x614.jpg 768w" sizes="auto, (max-width: 1500px) 100vw, 1500px" /></a></p>

<p>Immer am ersten Dienstag im Monat laden wir zu einem gemütlichen Nachmittag mit Kaffee und Kuchen, offenem Singen und zu einem Sonderprogramm ein. Am Dienstag, 7. Februar überraschen wir mit einem besonderen Programm innerhalb der Reihe Kaffee, Kuchen und Offenes Singen, &hellip; <a href="https://xn--vrstetter-miteinander-hec.de/?page_id=2259">Weiterlesen <span class="meta-nav">&rarr;</span></a></p>
