{"id":82,"date":"2015-09-21T19:31:20","date_gmt":"2015-09-21T17:31:20","guid":{"rendered":"http:\/\/xn--vrstetter-miteinander-hec.de\/?page_id=82"},"modified":"2023-01-15T19:54:08","modified_gmt":"2023-01-15T18:54:08","slug":"ueber-uns","status":"publish","type":"page","link":"https:\/\/xn--vrstetter-miteinander-hec.de\/?page_id=82","title":{"rendered":"\u00fcber uns"},"content":{"rendered":"<div class=\"layoutArea\">\n<div class=\"column\">\n<h4 style=\"text-align: left;\">Ein harmonisches Zusammenleben von Jung und Alt und nachbarschaftliche Hilfeleistung sind wie in vielen la\u0308ndlichen Gemeinden auch in Vo\u0308rstetten gute Tradition. Eine Vo\u0308rstetter Zukunftswerkstatt wurde von der Gemeindeverwaltung gemeinsam mit engagierten Bu\u0308rgerinnen und Bu\u0308rgern ins Leben gerufen, um diese Tradition zu bewahren und fortzusetzen. Daraus hat sich der Verein \u201eVo\u0308rstetter Miteinander e.V.\u201c entwickelt, der am 10. November 2014 gegru\u0308ndet worden ist.<\/h4>\n<p><a href=\"https:\/\/xn--vrstetter-miteinander-hec.de\/wp-content\/uploads\/2022\/08\/Startseite-Neu.jpg\"><img loading=\"lazy\" decoding=\"async\" class=\"alignnone size-large wp-image-2025\" src=\"https:\/\/xn--vrstetter-miteinander-hec.de\/wp-content\/uploads\/2022\/08\/Startseite-Neu-1024x819.jpg\" alt=\"\" width=\"640\" height=\"512\" srcset=\"https:\/\/xn--vrstetter-miteinander-hec.de\/wp-content\/uploads\/2022\/08\/Startseite-Neu-1024x819.jpg 1024w, https:\/\/xn--vrstetter-miteinander-hec.de\/wp-content\/uploads\/2022\/08\/Startseite-Neu-300x240.jpg 300w, https:\/\/xn--vrstetter-miteinander-hec.de\/wp-content\/uploads\/2022\/08\/Startseite-Neu-768x614.jpg 768w, https:\/\/xn--vrstetter-miteinander-hec.de\/wp-content\/uploads\/2022\/08\/Startseite-Neu.jpg 1500w\" sizes=\"auto, (max-width: 640px) 100vw, 640px\" \/><\/a><\/p>\n<\/div>\n<\/div>\n<p style=\"text-align: left;\"><a href=\"https:\/\/xn--vrstetter-miteinander-hec.de\/wp-content\/uploads\/2021\/03\/Flyer_Miteinander_PRINT.pdf\" target=\"_blank\" rel=\"noopener\">&gt;&gt;&gt; hier gelangen Sie zu unserem Flyer &amp; Beitrittsformular<\/a><\/p>\n<h4><\/h4>\n<h4 style=\"text-align: justify;\">2013 hat die Gemeinde V\u00f6rstetten im Rahmen eines B\u00fcrgerbeteiligungsprojektes eine Zukunftswerkstatt ins Leben gerufen. <a href=\"http:\/\/www.badische-zeitung.de\/voerstetten\/das-voerstetter-miteinander-ist-zukunftsweisend\" target=\"_blank\" rel=\"noopener\">Das Interesse war gro\u00df<\/a>. Aus einigen Arbeitsgruppen (AGs) etablierten sich drei, die bereits erfolgreich arbeiten:<\/h4>\n<h4 style=\"text-align: justify;\">Die AG <strong>&#8222;B\u00fcrger helfen B\u00fcrgern&#8220;<\/strong> unterst\u00fctzt niederschwellige Hilfs- und Unterst\u00fctzungsangebote, die durch ehrenamtlich T\u00e4tige unterst\u00fctzungsbed\u00fcrftigen Mitb\u00fcrgern entsprechende Hilfe zuteil werden lassen.<\/h4>\n<h4 style=\"text-align: justify;\">Die AG <strong>&#8222;B\u00fcrgertreff&#8220;<\/strong> bringt mit neuen Angeboten und Veranstaltungen in unserer Dorfgemeinschaft neue kteure, Jung und Alt, zusammen. Pflanztauschb\u00f6rsen und &#8218;V\u00f6rstetter&#8216; Kinoabende waren sehr erfolgreich.<\/h4>\n<h4 style=\"text-align: justify;\">Die AG<strong> &#8222;Wohnen und Leben im Alter und mit Behinderung&#8220;<\/strong> hat zum Ziel, eine entsprechende Wohnanlage mit differenzierten Betreuungsangeboten zu realisieren. Generationen \u00fcbergreifende Verbindungen sollen geschaffen werden.<\/h4>\n<h4 style=\"text-align: justify;\">Der sehr gut besuchten\u00a0 <a href=\"http:\/\/badische-zeitung.de\/...\/laenger-im-dorf-leben-traum-oder-wirklichkeit\" target=\"_blank\" rel=\"noopener\"><strong>B\u00fcrgerversammlung\u00a0 am 15. Oktober 2014<\/strong><\/a> mit dem Thema &#8222;L\u00e4nger im eigenen Dorf leben &#8211; Taum oder Wirklichkeit?&#8220; folgte bereits am<\/h4>\n<h4 style=\"text-align: center;\"><strong>10. November 2014<br \/>\n<\/strong>die<strong><br \/>\n<a href=\"http:\/\/badische-zeitung.de\/...\/voerstetter-miteinander-hilft-kuenftig-als-verein\" target=\"_blank\" rel=\"noopener\">Gr\u00fcndungsversammlung des <\/a><a href=\"http:\/\/badische-zeitung.de\/...\/voerstetter-miteinander-hilft-kuenftig-als-verein\" target=\"_blank\" rel=\"noopener\">V\u00f6rstetter Miteinander e.V.<\/a><br \/>\n<\/strong><\/h4>\n<h4 style=\"text-align: justify;\">Mehr als 80 Gr\u00fcndungsmitglieder hatten sich im Foyer der Heinz-Ritter-Halle versammelt, um die f\u00fcr die Arbeit notwendige Satzung zu diskutieren und zu verabschieden, die Vorstandschaft zu w\u00e4hlen und die H\u00f6he des Mitgliedsbeitrags festzulegen.<\/h4>\n<div id=\"attachment_589\" style=\"width: 650px\" class=\"wp-caption alignnone\"><a href=\"http:\/\/xn--vrstetter-miteinander-hec.de\/?attachment_id=589\" rel=\"attachment wp-att-589\"><img loading=\"lazy\" decoding=\"async\" aria-describedby=\"caption-attachment-589\" class=\"wp-image-589 size-large\" src=\"http:\/\/xn--vrstetter-miteinander-hec.de\/wp-content\/uploads\/2016\/04\/V\u00f6rstetter-Miteinander-Vereinsgr\u00fcndung-1024x681.jpg\" alt=\"V\u00f6rstetter Miteinander Vereinsgr\u00fcndung\" width=\"640\" height=\"426\" srcset=\"https:\/\/xn--vrstetter-miteinander-hec.de\/wp-content\/uploads\/2016\/04\/V\u00f6rstetter-Miteinander-Vereinsgr\u00fcndung-1024x681.jpg 1024w, https:\/\/xn--vrstetter-miteinander-hec.de\/wp-content\/uploads\/2016\/04\/V\u00f6rstetter-Miteinander-Vereinsgr\u00fcndung-300x200.jpg 300w, https:\/\/xn--vrstetter-miteinander-hec.de\/wp-content\/uploads\/2016\/04\/V\u00f6rstetter-Miteinander-Vereinsgr\u00fcndung-768x511.jpg 768w, https:\/\/xn--vrstetter-miteinander-hec.de\/wp-content\/uploads\/2016\/04\/V\u00f6rstetter-Miteinander-Vereinsgr\u00fcndung.jpg 1600w\" sizes=\"auto, (max-width: 640px) 100vw, 640px\" \/><\/a><p id=\"caption-attachment-589\" class=\"wp-caption-text\">der erste Vorstand des neu gegr\u00fcndeten V\u00f6rstetter Miteinander e.V.<\/p><\/div>\n","protected":false},"excerpt":{"rendered":"<p>Ein harmonisches Zusammenleben von Jung und Alt und nachbarschaftliche Hilfeleistung sind wie in vielen la\u0308ndlichen Gemeinden auch in Vo\u0308rstetten gute Tradition. Eine Vo\u0308rstetter Zukunftswerkstatt wurde von der Gemeindeverwaltung gemeinsam mit engagierten Bu\u0308rgerinnen und Bu\u0308rgern ins Leben gerufen, um diese Tradition &hellip; <a href=\"https:\/\/xn--vrstetter-miteinander-hec.de\/?page_id=82\">Weiterlesen <span class=\"meta-nav\">&rarr;<\/span><\/a><\/p>\n","protected":false},"author":4,"featured_media":0,"parent":0,"menu_order":0,"comment_status":"closed","ping_status":"closed","template":"onecolumn-page.php","meta":{"footnotes":""},"class_list":["post-82","page","type-page","status-publish","hentry"],"_links":{"self":[{"href":"https:\/\/xn--vrstetter-miteinander-hec.de\/index.php?rest_route=\/wp\/v2\/pages\/82","targetHints":{"allow":["GET"]}}],"collection":[{"href":"https:\/\/xn--vrstetter-miteinander-hec.de\/index.php?rest_route=\/wp\/v2\/pages"}],"about":[{"href":"https:\/\/xn--vrstetter-miteinander-hec.de\/index.php?rest_route=\/wp\/v2\/types\/page"}],"author":[{"embeddable":true,"href":"https:\/\/xn--vrstetter-miteinander-hec.de\/index.php?rest_route=\/wp\/v2\/users\/4"}],"replies":[{"embeddable":true,"href":"https:\/\/xn--vrstetter-miteinander-hec.de\/index.php?rest_route=%2Fwp%2Fv2%2Fcomments&post=82"}],"version-history":[{"count":41,"href":"https:\/\/xn--vrstetter-miteinander-hec.de\/index.php?rest_route=\/wp\/v2\/pages\/82\/revisions"}],"predecessor-version":[{"id":2228,"href":"https:\/\/xn--vrstetter-miteinander-hec.de\/index.php?rest_route=\/wp\/v2\/pages\/82\/revisions\/2228"}],"wp:attachment":[{"href":"https:\/\/xn--vrstetter-miteinander-hec.de\/index.php?rest_route=%2Fwp%2Fv2%2Fmedia&parent=82"}],"curies":[{"name":"wp","href":"https:\/\/api.w.org\/{rel}","templated":true}]}}